What are the prime factors of 44107?
7, 6301
What are the prime factors of 931?
7, 19
What are the prime factors of 251?
251
What are the prime factors of 735?
3, 5, 7
What are the prime factors of 12954?
2, 3, 17, 127
What are the prime factors of 48336?
2, 3, 19, 53
List the prime factors of 4684.
2, 1171
List the prime factors of 18.
2, 3
List the prime factors of 7263.
3, 269
What are the prime factors of 1605?
3, 5, 107
List the prime factors of 27561.
3, 9187
List the prime factors of 1777.
1777
List the prime factors of 3237.
3, 13, 83
List the prime factors of 1858.
2, 929
What are the prime factors of 45163?
19, 2377
List the prime factors of 87189.
3, 29063
What are the prime factors of 5420?
2, 5, 271
What are the prime factors of 9545?
5, 23, 83
List the prime factors of 3090.
2, 3, 5, 103
What are the prime factors of 2451?
3, 19, 43
What are the prime factors of 1593?
3, 59
List the prime factors of 57631.
7, 8233
What are the prime factors of 1174?
2, 587
List the prime factors of 4506.
2, 3, 751
What are the prime factors of 62572?
2, 15643
List the prime factors of 1200.
2, 3, 5
What are the prime factors of 17699?
11, 1609
What are the prime factors of 4524?
2, 3, 13, 29
List the prime factors of 3480.
2, 3, 5, 29
List the prime factors of 41262.
2, 3, 13, 23
What are the prime factors of 43060?
2, 5, 2153
What are the prime factors of 3453?
3, 1151
List the prime factors of 1907.
1907
What are the prime factors of 566?
2, 283
What are the prime factors of 2284?
2, 571
List the prime factors of 2804.
2, 701
List the prime factors of 70213.
11, 13, 491
What are the prime factors of 5994?
2, 3, 37
What are the prime factors of 911?
911
List the prime factors of 455.
5, 7, 13
What are the prime factors of 605?
5, 11
What are the prime factors of 150000?
2, 3, 5
What are the prime factors of 8194?
2, 17, 241
What are the prime factors of 123269?
123269
List the prime factors of 1760.
2, 5, 11
What are the prime factors of 6074?
2, 3037
What are the prime factors of 421?
421
What are the prime factors of 7456?
2, 233
What are the prime factors of 54717?
3, 13, 23, 61
What are the prime factors of 108761?
108761
List the prime factors of 15960.
2, 3, 5, 7, 19
What are the prime factors of 50268?
2, 3, 59, 71
List the prime factors of 2618.
2, 7, 11, 17
What are the prime factors of 29717?
29717
What are the prime factors of 38860?
2, 5, 29, 67
List the prime factors of 2170.
2, 5, 7, 31
List the prime factors of 1256.
2, 157
List the prime factors of 382.
2, 191
What are the prime factors of 1475?
5, 59
What are the prime factors of 1098?
2, 3, 61
List the prime factors of 82904.
2, 43, 241
What are the prime factors of 87?
3, 29
List the prime factors of 280.
2, 5, 7
What are the prime factors of 5993?
13, 461
List the prime factors of 641.
641
List the prime factors of 585.
3, 5, 13
List the prime factors of 3322.
2, 11, 151
What are the prime factors of 1323?
3, 7
List the prime factors of 15169.
7, 11, 197
List the prime factors of 43104.
2, 3, 449
What are the prime factors of 1253?
7, 179
What are the prime factors of 23382?
2, 3, 433
List the prime factors of 3455.
5, 691
What are the prime factors of 480?
2, 3, 5
What are the prime factors of 5259?
3, 1753
What are the prime factors of 39202?
2, 17, 1153
What are the prime factors of 49397?
47, 1051
What are the prime factors of 612?
2, 3, 17
List the prime factors of 10195.
5, 2039
What are the prime factors of 388?
2, 97
List the prime factors of 46715.
5, 9343
What are the prime factors of 41323?
31, 43
List the prime factors of 5841.
3, 11, 59
List the prime factors of 2429.
7, 347
List the prime factors of 11088.
2, 3, 7, 11
List the prime factors of 16846.
2, 8423
List the prime factors of 5581.
5581
What are the prime factors of 1758?
2, 3, 293
List the prime factors of 1020.
2, 3, 5, 17
What are the prime factors of 1593?
3, 59
What are the prime factors of 454?
2, 227
What are the prime factors of 40207?
31, 1297
What are the prime factors of 1993?
1993
What are the prime factors of 4006?
2, 2003
What are the prime factors of 550?
2, 5, 11
List the prime factors of 2153.
2153
What are the prime factors of 1143?
3, 127
What are the prime factors of 38016?
2, 3, 11
List the prime factors of 737.
11, 67
What are the prime factors of 83291?
13, 43, 149
List the prime factors of 49507.
31, 1597
List the prime factors of 1264.
2, 79
List the prime factors of 31464.
2, 3, 19, 23
What are the prime factors of 10727?
17, 631
List the prime factors of 4661.
59, 79
What are the prime factors of 26702?
2, 13, 79
What are the prime factors of 25014?
2, 3, 11, 379
List the prime factors of 1029.
3, 7
What are the prime factors of 7025?
5, 281
List the prime factors of 1254.
2, 3, 11, 19
What are the prime factors of 125315?
5, 71, 353
List the prime factors of 834.
2, 3, 139
What are the prime factors of 2973?
3, 991
List the prime factors of 7351.
7351
What are the prime factors of 656?
2, 41
What are the prime factors of 87324?
2, 3, 19, 383
List the prime factors of 23322.
2, 3, 13, 23
What are the prime factors of 732?
2, 3, 61
What are the prime factors of 37756?
2, 9439
What are the prime factors of 5817?
3, 7, 277
What are the prime factors of 1268?
2, 317
List the prime factors of 14246.
2, 17, 419
List the prime factors of 2911.
41, 71
What are the prime factors of 12652?
2, 3163
What are the prime factors of 47717?
47717
List the prime factors of 1926.
2, 3, 107
What are the prime factors of 881?
881
List the prime factors of 118932.
2, 3, 11, 17, 53
List the prime factors of 3458.
2, 7, 13, 19
List the prime factors of 16794.
2, 3, 311
List the prime factors of 11483.
11483
List the prime factors of 34801.
13, 2677
List the prime factors of 23273.
17, 37
List the prime factors of 15565.
5, 11, 283
List the prime factors of 13945.
5, 2789
List the prime factors of 49786.
2, 11, 31, 73
List the prime factors of 1316.
2, 7, 47
List the prime factors of 305.
5, 61
What are the prime factors of 7855?
5, 1571
What are the prime factors of 2959?
11, 269
What are the prime factors of 665?
5, 7, 19
List the prime factors of 656.
2, 41
List the prime factors of 330.
2, 3, 5, 11
List the prime factors of 2289.
3, 7, 109
What are the prime factors of 15159?
3, 31, 163
List the prime factors of 1155.
3, 5, 7, 11
What are the prime factors of 1622?
2, 811
What are the prime factors of 751?
751
What are the prime factors of 1249?
1249
List the prime factors of 3514.
2, 7, 251
What are the prime factors of 830?
2, 5, 83
List the prime factors of 178454.
2, 89227
What are the prime factors of 5225?
5, 11, 19
List the prime factors of 23913.
3, 2657
List the prime factors of 1604.
2, 401
What are the prime factors of 9576?
2, 3, 7, 19
What are the prime factors of 8788?
2, 13
What are the prime factors of 2814?
2, 3, 7, 67
What are the prime factors of 129?
3, 43
List the prime factors of 19953.
3, 739
List the prime factors of 18166.
2, 31, 293
What are the prime factors of 4699?
37, 127
What are the prime factors of 227?
227
List the prime factors of 8725.
5, 349
What are the prime factors of 91994?
2, 7, 6571
What are the prime factors of 75728?
2, 4733
What are the prime factors of 3833?
3833
What are the prime factors of 2513?
7, 359
List the prime factors of 3577.
7, 73
What are the prime factors of 1730?
2, 5, 173
What are the prime factors of 32998?
2, 7, 2357
What are the prime factors of 18175?
5, 727
List the prime factors of 4048.
2, 11, 23
List the prime factors of 22633.
13, 1741
List the prime factors of 9543.
3, 3181
What are the prime factors of 1030?
2, 5, 103
What are the prime factors of 3174?
2, 3, 23
List the prime factors of 75665.
5, 37, 409
List the prime factors of 909.
3, 101
What are the prime factors of 2805?
3, 5, 11, 17
What are the prime factors of 51499?
7, 1051
What are the prime factors of 20128?
2, 17, 37
What are the prime factors of 6024?
2, 3, 251
List the prime factors of 41053.
61, 673
List the prime factors of 44540.
2, 5, 17, 131
What are the prime factors of 16955?
5, 3391
What are the prime factors of 472?
2, 59
What are the prime factors of 40373?
47, 859
What are the prime factors of 62347?
62347
What are the prime factors of 18624?
2